20.109.241.81 - - [07/Nov/2022:04:21:31 -0800] "GET /images/wpd_wroughtiron_std_marigold.jpg HTTP/1.1" 404 88 "http://blueribbondesign.com/images" "Mozilla/5.0 (Macintosh; Intel Mac OS X 10_11_6) AppleWebKit/605.1.15 (KHTML, like Gecko) Version/11.1.2 Safari/605.1.15" "blueribbondesign.com"
20.12.191.72 - - [07/Nov/2022:04:23:18 -0800] "GET /images/TreeLineCheer_Colors.jpg HTTP/1.1" 404 88 "http://blueribbondesign.com/images" "Mozilla/5.0 (Windows NT 10.0; Win64; x64) AppleWebKit/537.36 (KHTML, like Gecko) Chrome/74.0.3729.157 Safari/537.36" "blueribbondesign.com"
20.106.27.209 - - [07/Nov/2022:04:24:14 -0800] "GET /images/TimelessArdor_std_celery.jpg HTTP/1.1" 404 88 "http://blueribbondesign.com/images" "Mozilla/5.0 (iPhone; CPU iPhone OS 13_5_1 like Mac OS X) AppleWebKit/605.1.15 (KHTML, like Gecko) Version/13.1.1 Mobile/15E148 Safari/604.1" "blueribbondesign.com"
40.122.230.190 - - [07/Nov/2022:04:34:24 -0800] "GET /images/charmingstencil_moss.jpg HTTP/1.1" 404 88 "http://www.blueribbondesign.com/images" "Mozilla/5.0 (Linux; Android 10; SM-G960U) AppleWebKit/537.36 (KHTML, like Gecko) Chrome/88.0.4324.181 Mobile Safari/537.36" "www.blueribbondesign.com"
129.227.30.242 - - [07/Nov/2022:04:35:10 -0800] "GET /images/HanukkahCharm_5x7F_Smoke.jpg HTTP/1.1" 404 73 "-" "Mozilla/5.0 (X11; Ubuntu; Linux x86_64; rv:72.0) Gecko/20100101 Firefox/72.0" "www.blueribbondesign.com"
129.227.30.251 - - [07/Nov/2022:04:41:28 -0800] "GET /images/DelightfulScallopsMulti_peppermint.jpg HTTP/1.1" 404 73 "-" "Mozilla/5.0 (X11; Ubuntu; Linux x86_64; rv:72.0) Gecko/20100101 Firefox/72.0" "blueribbondesign.com"
129.227.30.254 - - [07/Nov/2022:04:46:08 -0800] "GET /images/SimplestofJoys_5x7_Fog.jpg HTTP/1.1" 404 73 "-" "Mozilla/5.0 (X11; Ubuntu; Linux x86_64; rv:72.0) Gecko/20100101 Firefox/72.0" "www.blueribbondesign.com"
84.174.29.53 - - [07/Nov/2022:04:51:28 -0800] "GET /letterpresswedding/index.html HTTP/1.1" 404 88 "-" "Mozilla/5.0 (Macintosh; Intel Mac OS X 10_12_6) AppleWebKit/605.1.15 (KHTML, like Gecko)" "www.blueribbondesign.com"
84.174.29.53 - - [07/Nov/2022:04:51:28 -0800] "GET /apple-touch-icon-precomposed.png HTTP/1.1" 404 88 "-" "Safari/12607.3.10 CFNetwork/811.11 Darwin/16.7.0 (x86_64)" "www.blueribbondesign.com"
84.174.29.53 - - [07/Nov/2022:04:51:29 -0800] "GET /apple-touch-icon.png HTTP/1.1" 404 88 "-" "Safari/12607.3.10 CFNetwork/811.11 Darwin/16.7.0 (x86_64)" "www.blueribbondesign.com"
84.174.29.53 - - [07/Nov/2022:04:51:29 -0800] "GET /favicon.ico HTTP/1.1" 404 88 "-" "Safari/12607.3.10 CFNetwork/811.11 Darwin/16.7.0 (x86_64)" "www.blueribbondesign.com"
84.174.29.53 - - [07/Nov/2022:04:51:29 -0800] "GET /apple-touch-icon-precomposed.png HTTP/1.1" 404 88 "-" "Safari/12607.3.10 CFNetwork/811.11 Darwin/16.7.0 (x86_64)" "www.blueribbondesign.com"
84.174.29.53 - - [07/Nov/2022:04:51:29 -0800] "GET /apple-touch-icon.png HTTP/1.1" 404 88 "-" "Safari/12607.3.10 CFNetwork/811.11 Darwin/16.7.0 (x86_64)" "www.blueribbondesign.com"
84.174.29.53 - - [07/Nov/2022:04:51:29 -0800] "GET /favicon.ico HTTP/1.1" 404 88 "-" "Safari/12607.3.10 CFNetwork/811.11 Darwin/16.7.0 (x86_64)" "www.blueribbondesign.com"
84.174.29.53 - - [07/Nov/2022:04:51:30 -0800] "GET /letterpresswedding/index.html HTTP/1.1" 404 88 "-" "Mozilla/5.0 (iPhone; CPU iPhone OS 12_1_3 like Mac OS X) AppleWebKit/605.1.15 (KHTML, like Gecko) Version/12.0 Mobile/15E148 Safari/604.1" "www.blueribbondesign.com"
84.174.29.53 - - [07/Nov/2022:04:51:30 -0800] "GET /apple-touch-icon-precomposed.png HTTP/1.1" 404 88 "-" "Safari/12607.3.10 CFNetwork/811.11 Darwin/16.7.0 (x86_64)" "www.blueribbondesign.com"
84.174.29.53 - - [07/Nov/2022:04:51:30 -0800] "GET /apple-touch-icon.png HTTP/1.1" 404 88 "-" "Safari/12607.3.10 CFNetwork/811.11 Darwin/16.7.0 (x86_64)" "www.blueribbondesign.com"
84.174.29.53 - - [07/Nov/2022:04:51:30 -0800] "GET /favicon.ico HTTP/1.1" 404 88 "-" "Safari/12607.3.10 CFNetwork/811.11 Darwin/16.7.0 (x86_64)" "www.blueribbondesign.com"
84.174.29.53 - - [07/Nov/2022:04:51:30 -0800] "GET /apple-touch-icon-precomposed.png HTTP/1.1" 404 88 "-" "Safari/12607.3.10 CFNetwork/811.11 Darwin/16.7.0 (x86_64)" "www.blueribbondesign.com"
84.174.29.53 - - [07/Nov/2022:04:51:31 -0800] "GET /apple-touch-icon.png HTTP/1.1" 404 88 "-" "Safari/12607.3.10 CFNetwork/811.11 Darwin/16.7.0 (x86_64)" "www.blueribbondesign.com"
84.174.29.53 - - [07/Nov/2022:04:51:31 -0800] "GET /favicon.ico HTTP/1.1" 404 88 "-" "Safari/12607.3.10 CFNetwork/811.11 Darwin/16.7.0 (x86_64)" "www.blueribbondesign.com"
40.86.101.164 - - [07/Nov/2022:05:00:06 -0800] "GET /images/LinenLove_charcoal_ty.jpg HTTP/1.1" 404 88 "http://blueribbondesign.com/images" "Mozilla/5.0 (Macintosh; Intel Mac OS X 10_11_6) AppleWebKit/605.1.15 (KHTML, like Gecko) Version/11.1.2 Safari/605.1.15" "blueribbondesign.com"
20.29.110.168 - - [07/Nov/2022:05:12:49 -0800] "GET /images/CharmedMoss_charcoal.jpg HTTP/1.1" 404 88 "http://blueribbondesign.com/images" "Mozilla/5.0 (Windows NT 10.0; Win64; x64) AppleWebKit/537.36 (KHTML, like Gecko) Chrome/74.0.3729.157 Safari/537.36" "blueribbondesign.com"
20.109.241.96 - - [07/Nov/2022:05:20:57 -0800] "GET /images/CityScallops_Poppy.jpg HTTP/1.1" 404 88 "http://www.blueribbondesign.com/images" "Mozilla/5.0 (Windows NT 10.0; Win64; x64) AppleWebKit/537.36 (KHTML, like Gecko) Chrome/74.0.3729.157 Safari/537.36" "www.blueribbondesign.com"
95.163.255.41 - - [07/Nov/2022:05:24:25 -0800] "GET /robots.txt HTTP/1.1" 404 73 "-" "Mozilla/5.0 (compatible; Linux x86_64; Mail.RU_Bot/Img/2.0; +https://help.mail.ru/webmaster/indexing/robots)" "blueribbondesign.com"
95.163.255.40 - - [07/Nov/2022:05:24:26 -0800] "GET /images/springblosssoms_thankyou.gif HTTP/1.1" 404 88 "http://go.mail.ru/search_images" "Mozilla/5.0 (compatible; Linux x86_64; Mail.RU_Bot/Img/2.0; +https://help.mail.ru/webmaster/indexing/robots)" "blueribbondesign.com"
40.122.195.128 - - [07/Nov/2022:05:34:04 -0800] "GET /images/instyleweddings_winter2008.jpg HTTP/1.1" 404 88 "http://www.blueribbondesign.com/images" "Mozilla/5.0 (Linux; Android 10; SM-G960U) AppleWebKit/537.36 (KHTML, like Gecko) Chrome/88.0.4324.181 Mobile Safari/537.36" "www.blueribbondesign.com"
40.86.101.254 - - [07/Nov/2022:05:39:50 -0800] "GET /images/HousewarmingPlants_lilac.jpg HTTP/1.1" 404 88 "http://www.blueribbondesign.com/images" "Mozilla/5.0 (X11; Linux x86_64) AppleWebKit/537.36 (KHTML, like Gecko) Chrome/74.0.3729.169 Safari/537.36" "www.blueribbondesign.com"
20.106.28.16 - - [07/Nov/2022:05:40:14 -0800] "GET /images/Brides_SeptOct08C.jpg HTTP/1.1" 404 88 "http://www.blueribbondesign.com/images" "Mozilla/5.0 (Windows NT 10.0; Win64; x64) AppleWebKit/537.36 (KHTML, like Gecko) Chrome/74.0.3729.157 Safari/537.36" "www.blueribbondesign.com"
43.134.83.167 - - [07/Nov/2022:05:45:15 -0800] "GET /images/GinghamGrosgrain_square_Scarlet.jpg HTTP/1.1" 404 88 "-" "Mozilla/5.0 (Macintosh; Intel Mac OS X 10_15_7) AppleWebKit/537.36 (KHTML, like Gecko) Chrome/103.0.0.0 Safari/537.36" "blueribbondesign.com"
43.134.85.209 - - [07/Nov/2022:05:56:24 -0800] "GET /images/GinghamGrosgrain_square_Scarlet.jpg HTTP/1.1" 404 88 "-" "Mozilla/5.0 (Macintosh; Intel Mac OS X 10_15_7) AppleWebKit/537.36 (KHTML, like Gecko) Chrome/103.0.0.0 Safari/537.36" "blueribbondesign.com"
40.86.101.254 - - [07/Nov/2022:06:12:11 -0800] "GET /images/06018Ssamplet.jpg HTTP/1.1" 404 88 "http://www.blueribbondesign.com/images" "Mozilla/5.0 (Macintosh; Intel Mac OS X 10_11_6) AppleWebKit/605.1.15 (KHTML, like Gecko) Version/11.1.2 Safari/605.1.15" "www.blueribbondesign.com"
40.122.230.190 - - [07/Nov/2022:06:12:48 -0800] "GET /images/floralcarpet_white.jpg HTTP/1.1" 404 88 "http://blueribbondesign.com/images" "Mozilla/5.0 (Linux; Android 10; SM-G960U) AppleWebKit/537.36 (KHTML, like Gecko) Chrome/88.0.4324.181 Mobile Safari/537.36" "blueribbondesign.com"
207.46.13.141 - - [07/Nov/2022:06:16:08 -0800] "GET /about_us/as_seen_in.html HTTP/1.1" 404 88 "-" "Mozilla/5.0 (compatible; bingbot/2.0; +http://www.bing.com/bingbot.htm)" "blueribbondesign.com"
43.134.78.120 - - [07/Nov/2022:06:16:54 -0800] "GET /images/GinghamGrosgrain_square_Scarlet.jpg HTTP/1.1" 404 88 "-" "Mozilla/5.0 (Macintosh; Intel Mac OS X 10_15_7) AppleWebKit/537.36 (KHTML, like Gecko) Chrome/103.0.0.0 Safari/537.36" "blueribbondesign.com"
194.38.20.161 - - [07/Nov/2022:06:19:22 -0800] "GET / HTTP/1.1" 200 398 "-" "ALittle Client" "blueribbonstationery.com"
20.109.241.82 - - [07/Nov/2022:06:19:41 -0800] "GET /images/PPRSeptember2007cover.jpg HTTP/1.1" 404 88 "http://www.blueribbondesign.com/images" "Mozilla/5.0 (Windows NT 10.0; Win64; x64) AppleWebKit/537.36 (KHTML, like Gecko) Chrome/74.0.3729.157 Safari/537.36" "www.blueribbondesign.com"
40.78.141.94 - - [07/Nov/2022:06:26:46 -0800] "GET /images/TPC_ZigZagWaves_Cabernet.gif HTTP/1.1" 404 88 "http://www.blueribbondesign.com/images" "Mozilla/5.0 (iPhone; CPU iPhone OS 13_5_1 like Mac OS X) AppleWebKit/605.1.15 (KHTML, like Gecko) Version/13.1.1 Mobile/15E148 Safari/604.1" "www.blueribbondesign.com"
119.28.104.245 - - [07/Nov/2022:06:27:42 -0800] "GET /images/GinghamGrosgrain_square_Scarlet.jpg HTTP/1.1" 404 88 "-" "Mozilla/5.0 (Macintosh; Intel Mac OS X 10_15_7) AppleWebKit/537.36 (KHTML, like Gecko) Chrome/103.0.0.0 Safari/537.36" "blueribbondesign.com"
157.55.39.97 - - [07/Nov/2022:06:28:12 -0800] "GET / HTTP/1.1" 200 270 "-" "Mozilla/5.0 AppleWebKit/537.36 (KHTML, like Gecko; compatible; bingbot/2.0; +http://www.bing.com/bingbot.htm) Chrome/103.0.5060.134 Safari/537.36" "blueribbondesign.com"
129.227.30.254 - - [07/Nov/2022:06:28:43 -0800] "GET /images/FencePostFancy_5x7_3photo_Tomato.jpg HTTP/1.1" 404 73 "-" "Mozilla/5.0 (X11; Ubuntu; Linux x86_64; rv:72.0) Gecko/20100101 Firefox/72.0" "www.blueribbondesign.com"
42.194.204.180 - - [07/Nov/2022:06:30:29 -0800] "GET /images/SnowyStripes_5x7h_2photo_Cabernet.jpg HTTP/1.1" 404 73 "-" "Mozilla/5.0 (X11; Ubuntu; Linux x86_64; rv:72.0) Gecko/20100101 Firefox/72.0" "blueribbondesign.com"
42.194.204.180 - - [07/Nov/2022:06:30:30 -0800] "GET /images/SnowyStripes_5x7h_2photo_Cabernet.jpg HTTP/1.1" 404 73 "-" "Mozilla/5.0 (X11; Ubuntu; Linux x86_64; rv:72.0) Gecko/20100101 Firefox/72.0" "blueribbondesign.com"
42.194.215.216 - - [07/Nov/2022:06:30:30 -0800] "GET /images/SnowyStripes_5x7h_2photo_Cabernet.jpg HTTP/1.1" 404 73 "-" "Mozilla/5.0 (X11; Ubuntu; Linux x86_64; rv:72.0) Gecko/20100101 Firefox/72.0" "blueribbondesign.com"
159.75.102.74 - - [07/Nov/2022:06:30:31 -0800] "GET /images/SnowyStripes_5x7h_2photo_Cabernet.jpg HTTP/1.1" 404 73 "-" "Mozilla/5.0 (X11; Ubuntu; Linux x86_64; rv:72.0) Gecko/20100101 Firefox/72.0" "blueribbondesign.com"
129.227.30.253 - - [07/Nov/2022:06:47:13 -0800] "GET /images/ExquisiteDamask_black_2.jpg HTTP/1.1" 404 73 "-" "Mozilla/5.0 (X11; Ubuntu; Linux x86_64; rv:72.0) Gecko/20100101 Firefox/72.0" "blueribbondesign.com"
23.106.192.163 - - [07/Nov/2022:06:51:36 -0800] "GET /TinyPrints/TP_index.html HTTP/1.1" 404 88 "-" "Mozilla/5.0 (X11; Linux x86_64) AppleWebKit/537.36 (KHTML, like Gecko) Chrome/103.0.0.0 Safari/537.36" "www.blueribbondesign.com"
23.106.192.163 - - [07/Nov/2022:06:51:36 -0800] "GET / HTTP/1.1" 200 270 "-" "Mozilla/5.0 (X11; Linux x86_64) AppleWebKit/537.36 (KHTML, like Gecko) Chrome/103.0.0.0 Safari/537.36" "www.blueribbondesign.com"
23.106.192.163 - - [07/Nov/2022:06:51:36 -0800] "GET /?C=N;O=D HTTP/1.1" 200 268 "http://www.blueribbondesign.com/" "Mozilla/5.0 (X11; Linux x86_64) AppleWebKit/537.36 (KHTML, like Gecko) Chrome/103.0.0.0 Safari/537.36" "www.blueribbondesign.com"
23.106.192.163 - - [07/Nov/2022:06:51:38 -0800] "GET /?C=D;O=A HTTP/1.1" 200 270 "http://www.blueribbondesign.com/" "Mozilla/5.0 (X11; Linux x86_64) AppleWebKit/537.36 (KHTML, like Gecko) Chrome/103.0.0.0 Safari/537.36" "www.blueribbondesign.com"
23.106.192.163 - - [07/Nov/2022:06:51:39 -0800] "GET /?C=M;O=A HTTP/1.1" 200 271 "http://www.blueribbondesign.com/" "Mozilla/5.0 (X11; Linux x86_64) AppleWebKit/537.36 (KHTML, like Gecko) Chrome/103.0.0.0 Safari/537.36" "www.blueribbondesign.com"
23.106.192.163 - - [07/Nov/2022:06:51:40 -0800] "GET /?C=S;O=A HTTP/1.1" 200 271 "http://www.blueribbondesign.com/" "Mozilla/5.0 (X11; Linux x86_64) AppleWebKit/537.36 (KHTML, like Gecko) Chrome/103.0.0.0 Safari/537.36" "www.blueribbondesign.com"
43.134.83.167 - - [07/Nov/2022:06:52:27 -0800] "GET /images/GinghamGrosgrain_square_Scarlet.jpg HTTP/1.1" 404 88 "-" "Mozilla/5.0 (Macintosh; Intel Mac OS X 10_15_7) AppleWebKit/537.36 (KHTML, like Gecko) Chrome/103.0.0.0 Safari/537.36" "blueribbondesign.com"
40.86.101.252 - - [07/Nov/2022:06:57:03 -0800] "GET /images/StylishCalligraphyInvite.jpg HTTP/1.1" 404 88 "http://www.blueribbondesign.com/images" "Mozilla/5.0 (X11; Linux x86_64) AppleWebKit/537.36 (KHTML, like Gecko) Chrome/74.0.3729.169 Safari/537.36" "www.blueribbondesign.com"
20.12.191.72 - - [07/Nov/2022:07:07:44 -0800] "GET /images/wpd_modernbouquet_celery.jpg HTTP/1.1" 404 88 "http://blueribbondesign.com/images" "Mozilla/5.0 (X11; Linux x86_64) AppleWebKit/537.36 (KHTML, like Gecko) Chrome/74.0.3729.169 Safari/537.36" "blueribbondesign.com"
129.227.30.245 - - [07/Nov/2022:07:09:48 -0800] "GET /images/ChicDelight_SquareCard.jpg HTTP/1.1" 404 73 "-" "Mozilla/5.0 (X11; Ubuntu; Linux x86_64; rv:72.0) Gecko/20100101 Firefox/72.0" "www.blueribbondesign.com"
129.227.30.243 - - [07/Nov/2022:07:12:54 -0800] "GET /images/ExquisiteDamask_richred.jpg HTTP/1.1" 404 73 "-" "Mozilla/5.0 (X11; Ubuntu; Linux x86_64; rv:72.0) Gecko/20100101 Firefox/72.0" "www.blueribbondesign.com"
129.227.30.253 - - [07/Nov/2022:07:14:06 -0800] "GET /images/DelightfullyDotted_5x7_BrightRed.jpg HTTP/1.1" 404 73 "-" "Mozilla/5.0 (X11; Ubuntu; Linux x86_64; rv:72.0) Gecko/20100101 Firefox/72.0" "www.blueribbondesign.com"
20.29.110.169 - - [07/Nov/2022:07:15:16 -0800] "GET /images/PicturesquePlants_forestgreen.jpg HTTP/1.1" 404 88 "http://blueribbondesign.com/images" "Mozilla/5.0 (Windows NT 10.0; Win64; x64) AppleWebKit/537.36 (KHTML, like Gecko) Chrome/74.0.3729.157 Safari/537.36" "blueribbondesign.com"
43.156.253.139 - - [07/Nov/2022:07:24:06 -0800] "GET /images/GinghamGrosgrain_square_Scarlet.jpg HTTP/1.1" 404 88 "-" "Mozilla/5.0 (Macintosh; Intel Mac OS X 10_15_7) AppleWebKit/537.36 (KHTML, like Gecko) Chrome/103.0.0.0 Safari/537.36" "blueribbondesign.com"
40.77.51.82 - - [07/Nov/2022:07:28:26 -0800] "GET /images/JoyfulHanukkah_Invite_2.jpg HTTP/1.1" 404 88 "http://www.blueribbondesign.com/images" "Mozilla/5.0 (Linux; Android 10; SM-G960U) AppleWebKit/537.36 (KHTML, like Gecko) Chrome/88.0.4324.181 Mobile Safari/537.36" "www.blueribbondesign.com"
20.106.28.16 - - [07/Nov/2022:07:31:27 -0800] "GET /images/FormalLattice_bisque.jpg HTTP/1.1" 404 88 "http://blueribbondesign.com/images" "Mozilla/5.0 (iPhone; CPU iPhone OS 13_5_1 like Mac OS X) AppleWebKit/605.1.15 (KHTML, like Gecko) Version/13.1.1 Mobile/15E148 Safari/604.1" "blueribbondesign.com"
129.227.30.253 - - [07/Nov/2022:07:37:42 -0800] "GET /images/ExquisiteDamask_richred.jpg HTTP/1.1" 404 73 "-" "Mozilla/5.0 (X11; Ubuntu; Linux x86_64; rv:72.0) Gecko/20100101 Firefox/72.0" "blueribbondesign.com"
119.28.104.245 - - [07/Nov/2022:07:37:57 -0800] "GET /images/GinghamGrosgrain_square_Scarlet.jpg HTTP/1.1" 404 88 "-" "Mozilla/5.0 (Macintosh; Intel Mac OS X 10_15_7) AppleWebKit/537.36 (KHTML, like Gecko) Chrome/103.0.0.0 Safari/537.36" "blueribbondesign.com"
40.77.51.82 - - [07/Nov/2022:07:48:51 -0800] "GET /images/07021_heading.gif HTTP/1.1" 404 88 "http://www.blueribbondesign.com/images" "Mozilla/5.0 (X11; Linux x86_64) AppleWebKit/537.36 (KHTML, like Gecko) Chrome/74.0.3729.169 Safari/537.36" "www.blueribbondesign.com"
40.86.101.254 - - [07/Nov/2022:07:56:38 -0800] "GET /images/PPRSeptember2007cover.jpg HTTP/1.1" 404 88 "http://blueribbondesign.com/images" "Mozilla/5.0 (iPhone; CPU iPhone OS 13_5_1 like Mac OS X) AppleWebKit/605.1.15 (KHTML, like Gecko) Version/13.1.1 Mobile/15E148 Safari/604.1" "blueribbondesign.com"
119.28.104.245 - - [07/Nov/2022:08:02:57 -0800] "GET /images/GinghamGrosgrain_square_Scarlet.jpg HTTP/1.1" 404 88 "-" "Mozilla/5.0 (Macintosh; Intel Mac OS X 10_15_7) AppleWebKit/537.36 (KHTML, like Gecko) Chrome/103.0.0.0 Safari/537.36" "blueribbondesign.com"
207.46.13.141 - - [07/Nov/2022:08:03:39 -0800] "GET /about_us/as_seen_in.html HTTP/1.1" 404 88 "-" "Mozilla/5.0 AppleWebKit/537.36 (KHTML, like Gecko; compatible; bingbot/2.0; +http://www.bing.com/bingbot.htm) Chrome/103.0.5060.134 Safari/537.36" "blueribbondesign.com"
119.28.104.245 - - [07/Nov/2022:08:08:31 -0800] "GET /images/SimplestofJoys_5x7F_Mist.jpg HTTP/1.1" 404 88 "-" "Mozilla/5.0 (Macintosh; Intel Mac OS X 10_15_7) AppleWebKit/537.36 (KHTML, like Gecko) Chrome/103.0.0.0 Safari/537.36" "www.blueribbondesign.com"
54.36.148.106 - - [07/Nov/2022:08:11:49 -0800] "GET /robots.txt HTTP/1.1" 404 88 "-" "Mozilla/5.0 (compatible; AhrefsBot/7.0; +http://ahrefs.com/robot/)" "www.blueribbondesign.com"
193.142.147.68 - - [07/Nov/2022:08:18:04 -0800] "GET /wp-login.php HTTP/1.1" 404 73 "-" "Mozilla/5.0 (compatible; MSIE 9.0; Windows NT 6.1; Trident/5.0)" "blueribbondesign.com"
129.227.30.253 - - [07/Nov/2022:08:20:27 -0800] "GET /images/BRforWPD_index.jpg HTTP/1.1" 404 73 "-" "Mozilla/5.0 (X11; Ubuntu; Linux x86_64; rv:72.0) Gecko/20100101 Firefox/72.0" "www.blueribbondesign.com"
40.86.101.254 - - [07/Nov/2022:08:26:27 -0800] "GET /images/modernscallops_peppermint.jpg HTTP/1.1" 404 88 "http://www.blueribbondesign.com/images" "Mozilla/5.0 (Macintosh; Intel Mac OS X 10_11_6) AppleWebKit/605.1.15 (KHTML, like Gecko) Version/11.1.2 Safari/605.1.15" "www.blueribbondesign.com"
20.29.110.169 - - [07/Nov/2022:08:31:35 -0800] "GET /images/LovelyAntique_lagoon_ty.jpg HTTP/1.1" 404 88 "http://blueribbondesign.com/images" "Mozilla/5.0 (X11; Linux x86_64) AppleWebKit/537.36 (KHTML, like Gecko) Chrome/74.0.3729.169 Safari/537.36" "blueribbondesign.com"
119.28.104.47 - - [07/Nov/2022:08:36:36 -0800] "GET /images/GinghamGrosgrain_square_Scarlet.jpg HTTP/1.1" 404 88 "-" "Mozilla/5.0 (Macintosh; Intel Mac OS X 10_15_7) AppleWebKit/537.36 (KHTML, like Gecko) Chrome/103.0.0.0 Safari/537.36" "blueribbondesign.com"
40.122.230.189 - - [07/Nov/2022:08:58:24 -0800] "GET /images/LittleBookofLetterpress_2.jpg HTTP/1.1" 404 88 "http://blueribbondesign.com/images" "Mozilla/5.0 (Linux; Android 10; SM-G960U) AppleWebKit/537.36 (KHTML, like Gecko) Chrome/88.0.4324.181 Mobile Safari/537.36" "blueribbondesign.com"
119.28.104.245 - - [07/Nov/2022:09:02:06 -0800] "GET /images/GinghamGrosgrain_square_Scarlet.jpg HTTP/1.1" 404 88 "-" "Mozilla/5.0 (Macintosh; Intel Mac OS X 10_15_7) AppleWebKit/537.36 (KHTML, like Gecko) Chrome/103.0.0.0 Safari/537.36" "blueribbondesign.com"
129.227.30.242 - - [07/Nov/2022:09:02:19 -0800] "GET /images/FencePostFancy_5x7F_RedLantern.jpg HTTP/1.1" 404 73 "-" "Mozilla/5.0 (X11; Ubuntu; Linux x86_64; rv:72.0) Gecko/20100101 Firefox/72.0" "blueribbondesign.com"
207.46.13.19 - - [07/Nov/2022:09:04:44 -0800] "GET / HTTP/1.1" 200 270 "-" "Mozilla/5.0 AppleWebKit/537.36 (KHTML, like Gecko; compatible; bingbot/2.0; +http://www.bing.com/bingbot.htm) Chrome/103.0.5060.134 Safari/537.36" "www.blueribbondesign.com"
40.86.101.165 - - [07/Nov/2022:09:06:17 -0800] "GET /images/WPD_ModernBouquets_Invitation_Verbena_index.gif HTTP/1.1" 404 88 "http://www.blueribbondesign.com/images" "Mozilla/5.0 (Macintosh; Intel Mac OS X 10_11_6) AppleWebKit/605.1.15 (KHTML, like Gecko) Version/11.1.2 Safari/605.1.15" "www.blueribbondesign.com"
43.134.83.167 - - [07/Nov/2022:09:12:57 -0800] "GET /images/GinghamGrosgrain_square_Scarlet.jpg HTTP/1.1" 404 88 "-" "Mozilla/5.0 (Macintosh; Intel Mac OS X 10_15_7) AppleWebKit/537.36 (KHTML, like Gecko) Chrome/103.0.0.0 Safari/537.36" "blueribbondesign.com"
114.119.128.219 - - [07/Nov/2022:09:16:34 -0800] "GET /robots.txt HTTP/1.1" 404 88 "-" "Mozilla/5.0 (compatible;PetalBot;+https://webmaster.petalsearch.com/site/petalbot)" "blueribbondesign.com"
13.67.224.12 - - [07/Nov/2022:09:27:43 -0800] "GET /images/RusticFloralPC_gunmetal.jpg HTTP/1.1" 404 88 "http://www.blueribbondesign.com/images" "Mozilla/5.0 (Linux; Android 10; SM-G960U) AppleWebKit/537.36 (KHTML, like Gecko) Chrome/88.0.4324.181 Mobile Safari/537.36" "www.blueribbondesign.com"
43.134.83.167 - - [07/Nov/2022:09:34:06 -0800] "GET /images/GinghamGrosgrain_square_Scarlet.jpg HTTP/1.1" 404 88 "-" "Mozilla/5.0 (Macintosh; Intel Mac OS X 10_15_7) AppleWebKit/537.36 (KHTML, like Gecko) Chrome/103.0.0.0 Safari/537.36" "blueribbondesign.com"
34.148.61.182 - - [07/Nov/2022:09:35:15 -0800] "GET /robots.txt HTTP/1.1" 404 88 "-" "ZoominfoBot (zoominfobot at zoominfo dot com)" "blueribbondesign.com"
34.148.61.182 - - [07/Nov/2022:09:35:15 -0800] "GET / HTTP/1.1" 200 270 "-" "ZoominfoBot (zoominfobot at zoominfo dot com)" "blueribbondesign.com"
34.148.61.182 - - [07/Nov/2022:09:37:01 -0800] "GET /robots.txt HTTP/1.1" 404 88 "-" "ZoominfoBot (zoominfobot at zoominfo dot com)" "www.blueribbondesign.com"
34.148.61.182 - - [07/Nov/2022:09:37:01 -0800] "GET / HTTP/1.1" 200 270 "-" "ZoominfoBot (zoominfobot at zoominfo dot com)" "www.blueribbondesign.com"
17.121.113.134 - - [07/Nov/2022:09:38:49 -0800] "GET /robots.txt HTTP/1.1" 404 88 "-" "Mozilla/5.0 (Macintosh; Intel Mac OS X 10_15_5) AppleWebKit/605.1.15 (KHTML, like Gecko) Version/13.1.1 Safari/605.1.15 (Applebot/0.1; +http://www.apple.com/go/applebot)" "www.blueribbondesign.com"
17.121.113.134 - - [07/Nov/2022:09:38:49 -0800] "GET / HTTP/1.1" 200 270 "-" "Mozilla/5.0 (Macintosh; Intel Mac OS X 10_15_5) AppleWebKit/605.1.15 (KHTML, like Gecko) Version/13.1.1 Safari/605.1.15 (Applebot/0.1; +http://www.apple.com/go/applebot)" "www.blueribbondesign.com"
40.77.51.81 - - [07/Nov/2022:09:55:57 -0800] "GET /images/royalroses_scarlet.jpg HTTP/1.1" 404 88 "http://www.blueribbondesign.com/images" "Mozilla/5.0 (X11; Linux x86_64) AppleWebKit/537.36 (KHTML, like Gecko) Chrome/74.0.3729.169 Safari/537.36" "www.blueribbondesign.com"
40.122.227.200 - - [07/Nov/2022:09:56:29 -0800] "GET /images/ChinoiseriePhotoMount.jpg HTTP/1.1" 404 88 "http://www.blueribbondesign.com/images" "Mozilla/5.0 (iPhone; CPU iPhone OS 13_5_1 like Mac OS X) AppleWebKit/605.1.15 (KHTML, like Gecko) Version/13.1.1 Mobile/15E148 Safari/604.1" "www.blueribbondesign.com"
20.29.110.168 - - [07/Nov/2022:09:59:23 -0800] "GET /images/modernbouquet_burgundy.jpg HTTP/1.1" 404 88 "http://www.blueribbondesign.com/images" "Mozilla/5.0 (Macintosh; Intel Mac OS X 10_11_6) AppleWebKit/605.1.15 (KHTML, like Gecko) Version/11.1.2 Safari/605.1.15" "www.blueribbondesign.com"
43.156.253.139 - - [07/Nov/2022:10:00:26 -0800] "GET /images/GinghamGrosgrain_square_Scarlet.jpg HTTP/1.1" 404 88 "-" "Mozilla/5.0 (Macintosh; Intel Mac OS X 10_15_7) AppleWebKit/537.36 (KHTML, like Gecko) Chrome/103.0.0.0 Safari/537.36" "blueribbondesign.com"
40.122.227.201 - - [07/Nov/2022:10:01:54 -0800] "GET /images/modernscallops_moss.jpg HTTP/1.1" 404 88 "http://blueribbondesign.com/images" "Mozilla/5.0 (Macintosh; Intel Mac OS X 10_11_6) AppleWebKit/605.1.15 (KHTML, like Gecko) Version/11.1.2 Safari/605.1.15" "blueribbondesign.com"
20.109.241.97 - - [07/Nov/2022:10:03:44 -0800] "GET /images/08022P_heading.gif HTTP/1.1" 404 88 "http://www.blueribbondesign.com/images" "Mozilla/5.0 (Windows NT 10.0; Win64; x64) AppleWebKit/537.36 (KHTML, like Gecko) Chrome/74.0.3729.157 Safari/537.36" "www.blueribbondesign.com"
129.227.30.242 - - [07/Nov/2022:10:07:44 -0800] "GET /images/HanukkahCharm_FlatCard.jpg HTTP/1.1" 404 73 "-" "Mozilla/5.0 (X11; Ubuntu; Linux x86_64; rv:72.0) Gecko/20100101 Firefox/72.0" "www.blueribbondesign.com"
40.77.51.85 - - [07/Nov/2022:10:11:30 -0800] "GET /images/RusticBliss_Magnet_citrus.jpg HTTP/1.1" 404 88 "http://blueribbondesign.com/images" "Mozilla/5.0 (Linux; Android 10; SM-G960U) AppleWebKit/537.36 (KHTML, like Gecko) Chrome/88.0.4324.181 Mobile Safari/537.36" "blueribbondesign.com"
150.109.14.250 - - [07/Nov/2022:10:13:02 -0800] "GET /images/GinghamGrosgrain_square_Scarlet.jpg HTTP/1.1" 404 88 "-" "Mozilla/5.0 (Macintosh; Intel Mac OS X 10_15_7) AppleWebKit/537.36 (KHTML, like Gecko) Chrome/103.0.0.0 Safari/537.36" "blueribbondesign.com"
114.119.140.21 - - [07/Nov/2022:10:19:36 -0800] "GET /robots.txt HTTP/1.1" 404 88 "-" "Mozilla/5.0 (compatible;PetalBot;+https://webmaster.petalsearch.com/site/petalbot)" "www.blueribbondesign.com"
207.46.13.19 - - [07/Nov/2022:10:30:02 -0800] "GET / HTTP/1.1" 200 270 "-" "Mozilla/5.0 (compatible; bingbot/2.0; +http://www.bing.com/bingbot.htm)" "blueribbondesign.com"
43.134.83.167 - - [07/Nov/2022:10:33:18 -0800] "GET /images/GinghamGrosgrain_square_Scarlet.jpg HTTP/1.1" 404 88 "-" "Mozilla/5.0 (Macintosh; Intel Mac OS X 10_15_7) AppleWebKit/537.36 (KHTML, like Gecko) Chrome/103.0.0.0 Safari/537.36" "blueribbondesign.com"
20.106.27.209 - - [07/Nov/2022:10:33:59 -0800] "GET /images/OrnateBorder_ty_black.jpg HTTP/1.1" 404 88 "http://www.blueribbondesign.com/images" "Mozilla/5.0 (Linux; Android 10; SM-G960U) AppleWebKit/537.36 (KHTML, like Gecko) Chrome/88.0.4324.181 Mobile Safari/537.36" "www.blueribbondesign.com"
129.227.30.250 - - [07/Nov/2022:10:48:50 -0800] "GET /images/BowtieGarlandInvite_mermaid.jpg HTTP/1.1" 404 73 "-" "Mozilla/5.0 (X11; Ubuntu; Linux x86_64; rv:72.0) Gecko/20100101 Firefox/72.0" "www.blueribbondesign.com"
43.134.83.167 - - [07/Nov/2022:10:53:08 -0800] "GET /images/GinghamGrosgrain_square_Scarlet.jpg HTTP/1.1" 404 88 "-" "Mozilla/5.0 (Macintosh; Intel Mac OS X 10_15_7) AppleWebKit/537.36 (KHTML, like Gecko) Chrome/103.0.0.0 Safari/537.36" "blueribbondesign.com"
129.227.30.245 - - [07/Nov/2022:11:10:08 -0800] "GET /images/TreeLineCheer_square_Cabernet.jpg HTTP/1.1" 404 73 "-" "Mozilla/5.0 (X11; Ubuntu; Linux x86_64; rv:72.0) Gecko/20100101 Firefox/72.0" "www.blueribbondesign.com"
34.148.121.105 - - [07/Nov/2022:11:12:54 -0800] "GET /robots.txt HTTP/1.1" 404 88 "-" "ZoominfoBot (zoominfobot at zoominfo dot com)" "www.blueribbondesign.com"
34.148.121.105 - - [07/Nov/2022:11:12:54 -0800] "GET /?C=M;O=A HTTP/1.1" 200 271 "-" "ZoominfoBot (zoominfobot at zoominfo dot com)" "www.blueribbondesign.com"
43.134.83.167 - - [07/Nov/2022:11:24:16 -0800] "GET /images/GinghamGrosgrain_square_Scarlet.jpg HTTP/1.1" 404 88 "-" "Mozilla/5.0 (Macintosh; Intel Mac OS X 10_15_7) AppleWebKit/537.36 (KHTML, like Gecko) Chrome/103.0.0.0 Safari/537.36" "blueribbondesign.com"
20.109.241.82 - - [07/Nov/2022:11:25:23 -0800] "GET /images/wpd_chinoiseriegarden_invite_celery.jpg HTTP/1.1" 404 88 "http://www.blueribbondesign.com/images" "Mozilla/5.0 (Macintosh; Intel Mac OS X 10_11_6) AppleWebKit/605.1.15 (KHTML, like Gecko) Version/11.1.2 Safari/605.1.15" "www.blueribbondesign.com"
34.148.121.105 - - [07/Nov/2022:11:28:34 -0800] "GET /robots.txt HTTP/1.1" 404 88 "-" "ZoominfoBot (zoominfobot at zoominfo dot com)" "blueribbondesign.com"
20.106.27.209 - - [07/Nov/2022:11:31:16 -0800] "GET /images/heading_babyannouncements.gif HTTP/1.1" 404 88 "http://blueribbondesign.com/images" "Mozilla/5.0 (Macintosh; Intel Mac OS X 10_11_6) AppleWebKit/605.1.15 (KHTML, like Gecko) Version/11.1.2 Safari/605.1.15" "blueribbondesign.com"
13.67.224.12 - - [07/Nov/2022:11:36:37 -0800] "GET /images/wpd_chinoiseriegarden_invite_poppy.jpg HTTP/1.1" 404 88 "http://blueribbondesign.com/images" "Mozilla/5.0 (iPhone; CPU iPhone OS 13_5_1 like Mac OS X) AppleWebKit/605.1.15 (KHTML, like Gecko) Version/13.1.1 Mobile/15E148 Safari/604.1" "blueribbondesign.com"
34.148.121.105 - - [07/Nov/2022:11:49:00 -0800] "GET /?C=N;O=D HTTP/1.1" 200 268 "-" "ZoominfoBot (zoominfobot at zoominfo dot com)" "blueribbondesign.com"
43.134.78.120 - - [07/Nov/2022:11:52:57 -0800] "GET /images/GinghamGrosgrain_square_Scarlet.jpg HTTP/1.1" 404 88 "-" "Mozilla/5.0 (Macintosh; Intel Mac OS X 10_15_7) AppleWebKit/537.36 (KHTML, like Gecko) Chrome/103.0.0.0 Safari/537.36" "blueribbondesign.com"
159.65.24.22 - - [07/Nov/2022:11:55:34 -0800] "GET / HTTP/1.1" 200 270 "-" "Mozilla/5.0 (Windows NT 6.0) AppleWebKit/537.36 (KHTML, like Gecko) Chrome/34.0.1847.116 Safari/537.36" "blueribbondesign.com"
159.65.24.22 - - [07/Nov/2022:11:55:35 -0800] "GET /?C=N;O=D HTTP/1.1" 200 268 "-" "Mozilla/5.0 (Windows NT 6.0) AppleWebKit/537.36 (KHTML, like Gecko) Chrome/34.0.1847.116 Safari/537.36" "blueribbondesign.com"
159.65.24.22 - - [07/Nov/2022:11:55:36 -0800] "GET /?C=M;O=A HTTP/1.1" 200 271 "-" "Mozilla/5.0 (Windows NT 6.0) AppleWebKit/537.36 (KHTML, like Gecko) Chrome/34.0.1847.116 Safari/537.36" "blueribbondesign.com"
159.65.24.22 - - [07/Nov/2022:11:55:37 -0800] "GET /?C=S;O=A HTTP/1.1" 200 271 "-" "Mozilla/5.0 (Windows NT 6.0) AppleWebKit/537.36 (KHTML, like Gecko) Chrome/34.0.1847.116 Safari/537.36" "blueribbondesign.com"
159.65.24.22 - - [07/Nov/2022:11:55:37 -0800] "GET /?C=D;O=A HTTP/1.1" 200 270 "-" "Mozilla/5.0 (Windows NT 6.0) AppleWebKit/537.36 (KHTML, like Gecko) Chrome/34.0.1847.116 Safari/537.36" "blueribbondesign.com"
34.148.121.105 - - [07/Nov/2022:11:57:28 -0800] "GET /?C=D;O=A HTTP/1.1" 200 270 "-" "ZoominfoBot (zoominfobot at zoominfo dot com)" "www.blueribbondesign.com"
77.73.134.16 - - [07/Nov/2022:12:04:03 -0800] "GET /wp-includes/js/jquery/jquery.js HTTP/1.1" 404 88 "-" "python-requests/2.27.1" "blueribbonstationery.com"
77.73.134.16 - - [07/Nov/2022:12:04:05 -0800] "GET /ckeditor/plugins/imageuploader/styles.min.css HTTP/1.1" 404 88 "-" "python-requests/2.27.1" "blueribbonstationery.com"
77.73.134.16 - - [07/Nov/2022:12:04:05 -0800] "GET /uploadify/jquery.uploadify.v2.1.4.js HTTP/1.1" 404 88 "-" "python-requests/2.27.1" "blueribbonstationery.com"
114.119.146.198 - - [07/Nov/2022:12:04:15 -0800] "GET /?C=S%3BO%3DA HTTP/1.1" 200 270 "http://www.blueribbondesign.com/?C=N%3BO%3DD" "Mozilla/5.0 (Linux; Android 7.0;) AppleWebKit/537.36 (KHTML, like Gecko) Mobile Safari/537.36 (compatible; PetalBot;+https://webmaster.petalsearch.com/site/petalbot)" "www.blueribbondesign.com"
150.109.14.250 - - [07/Nov/2022:12:16:30 -0800] "GET /images/GinghamGrosgrain_square_Scarlet.jpg HTTP/1.1" 404 88 "-" "Mozilla/5.0 (Macintosh; Intel Mac OS X 10_15_7) AppleWebKit/537.36 (KHTML, like Gecko) Chrome/103.0.0.0 Safari/537.36" "blueribbondesign.com"
114.119.146.179 - - [07/Nov/2022:12:17:02 -0800] "GET /?C=D%3BO%3DA HTTP/1.1" 200 270 "http://www.blueribbondesign.com/?C=N%3BO%3DD" "Mozilla/5.0 (Linux; Android 7.0;) AppleWebKit/537.36 (KHTML, like Gecko) Mobile Safari/537.36 (compatible; PetalBot;+https://webmaster.petalsearch.com/site/petalbot)" "www.blueribbondesign.com"
20.109.241.80 - - [07/Nov/2022:12:18:48 -0800] "GET /images/SweetlyFramed_burst_sd.jpg HTTP/1.1" 404 88 "http://blueribbondesign.com/images" "Mozilla/5.0 (Macintosh; Intel Mac OS X 10_11_6) AppleWebKit/605.1.15 (KHTML, like Gecko) Version/11.1.2 Safari/605.1.15" "blueribbondesign.com"
34.148.121.105 - - [07/Nov/2022:12:21:56 -0800] "GET /?C=S;O=A HTTP/1.1" 200 271 "-" "ZoominfoBot (zoominfobot at zoominfo dot com)" "www.blueribbondesign.com"
34.148.121.105 - - [07/Nov/2022:12:24:42 -0800] "GET /?C=S;O=A HTTP/1.1" 200 271 "-" "ZoominfoBot (zoominfobot at zoominfo dot com)" "blueribbondesign.com"
40.122.227.200 - - [07/Nov/2022:12:27:01 -0800] "GET /images/TimelessWreath_crimson.jpg HTTP/1.1" 404 88 "http://blueribbondesign.com/images" "Mozilla/5.0 (Windows NT 10.0; Win64; x64) AppleWebKit/537.36 (KHTML, like Gecko) Chrome/74.0.3729.157 Safari/537.36" "blueribbondesign.com"
54.80.203.116 - - [07/Nov/2022:12:27:30 -0800] "GET /images/DelightfulScallopsMulti_peppermint.jpg HTTP/1.1" 404 73 "-" "Mozilla/5.0 (X11; Ubuntu; Linux x86_64; rv:72.0) Gecko/20100101 Firefox/72.0" "www.blueribbondesign.com"
34.148.121.105 - - [07/Nov/2022:12:32:52 -0800] "GET /?C=M;O=A HTTP/1.1" 200 271 "-" "ZoominfoBot (zoominfobot at zoominfo dot com)" "blueribbondesign.com"
94.152.187.98 - - [07/Nov/2022:12:33:27 -0800] "GET /wp-mar.php HTTP/1.1" 404 73 "-" "Mozilla/5.0 (Linux; Android 10; SM-A505FN) AppleWebKit/537.36 (KHTML, like Gecko) Chrome/86.0.4240.99 Mobile Safari/537.36" "blueribbonstationery.com"
94.152.187.98 - - [07/Nov/2022:12:33:27 -0800] "GET /marijuana.php HTTP/1.1" 404 73 "-" "Mozilla/5.0 (iPhone; CPU iPhone OS 14_4_2 like Mac OS X) AppleWebKit/605.1.15 (KHTML, like Gecko) Version/14.0.3 Mobile/15E148 Safari/604.1" "blueribbonstationery.com"
94.152.187.98 - - [07/Nov/2022:12:33:27 -0800] "GET /MARIJUANA-priv.php HTTP/1.1" 404 73 "-" "Mozilla/5.0 (Windows NT 10.0; Win64; x64) AppleWebKit/537.36 (KHTML, like Gecko) Chrome/88.0.4324.190 Safari/537.36" "blueribbonstationery.com"
94.152.187.98 - - [07/Nov/2022:12:33:27 -0800] "GET /mj.php HTTP/1.1" 404 73 "-" "Mozilla/5.0 (iPhone; CPU iPhone OS 13_7 like Mac OS X) AppleWebKit/605.1.15 (KHTML, like Gecko) Version/13.1.2 Mobile/15E148 Safari/604.1" "blueribbonstationery.com"
94.152.187.98 - - [07/Nov/2022:12:33:27 -0800] "GET /wp-content/plugins/olkjhhf/radio.php HTTP/1.1" 404 73 "-" "Mozilla/5.0 (Windows NT 10.0; Win64; x64) AppleWebKit/537.36 (KHTML, like Gecko) Chrome/88.0.4324.104 Safari/537.36" "blueribbonstationery.com"
94.152.187.98 - - [07/Nov/2022:12:33:27 -0800] "GET /ninjawebshell.php HTTP/1.1" 404 73 "-" "Mozilla/5.0 (iPad; CPU OS 12_4_8 like Mac OS X) AppleWebKit/605.1.15 (KHTML, like Gecko) Version/12.1.2 Mobile/15E148 Safari/604.1" "blueribbonstationery.com"
94.152.187.98 - - [07/Nov/2022:12:33:27 -0800] "GET /mar.php HTTP/1.1" 404 73 "-" "Mozilla/5.0 (Windows NT 10.0; Win64; x64) AppleWebKit/537.36 (KHTML, like Gecko) Chrome/89.0.4389.114 Safari/537.36" "blueribbonstationery.com"
94.152.187.98 - - [07/Nov/2022:12:33:27 -0800] "GET /MARIJUANA.php HTTP/1.1" 404 73 "-" "Mozilla/5.0 (Windows NT 10.0; Win64; x64; rv:84.0) Gecko/20100101 Firefox/84.0" "blueribbonstationery.com"
94.152.187.98 - - [07/Nov/2022:12:33:27 -0800] "GET /13.php HTTP/1.1" 404 73 "-" "Mozilla/5.0 (Windows NT 10.0; Win64; x64) AppleWebKit/537.36 (KHTML, like Gecko) Chrome/83.0.4103.97 Safari/537.36" "blueribbonstationery.com"
94.152.187.98 - - [07/Nov/2022:12:33:27 -0800] "GET /wp-rss.php HTTP/1.1" 404 73 "-" "Mozilla/5.0 (Linux; Android 8.0.0; PRA-TL10) AppleWebKit/537.36 (KHTML, like Gecko) Chrome/79.0.3945.116 Mobile Safari/537.36" "blueribbonstationery.com"
94.152.187.98 - - [07/Nov/2022:12:33:27 -0800] "GET /wp-content/uploads/radio.php HTTP/1.1" 404 73 "-" "Mozilla/5.0 (Windows NT 10.0; Win64; x64) AppleWebKit/537.36 (KHTML, like Gecko) Chrome/92.0.4515.131 Safari/537.36" "blueribbonstationery.com"
94.152.187.98 - - [07/Nov/2022:12:33:27 -0800] "GET /radio.php HTTP/1.1" 404 73 "-" "Mozilla/5.0 (iPhone; CPU iPhone OS 14_7_1 like Mac OS X) AppleWebKit/605.1.15 (KHTML, like Gecko) Version/14.1.2 Mobile/15E148 Safari/604.1" "blueribbonstationery.com"
94.152.187.98 - - [07/Nov/2022:12:33:27 -0800] "GET /user.php HTTP/1.1" 404 73 "-" "Mozilla/5.0 (iPhone; CPU iPhone OS 14_0 like Mac OS X) AppleWebKit/605.1.15 (KHTML, like Gecko) Version/14.0 Mobile/15E148 Safari/604.1" "blueribbonstationery.com"
94.152.187.98 - - [07/Nov/2022:12:33:27 -0800] "GET /load.php HTTP/1.1" 404 73 "-" "Mozilla/5.0 (Linux; Android 10; SM-A505FN) AppleWebKit/537.36 (KHTML, like Gecko) Chrome/86.0.4240.110 Mobile Safari/537.36" "blueribbonstationery.com"
94.152.187.98 - - [07/Nov/2022:12:33:27 -0800] "GET /lock360.php HTTP/1.1" 404 73 "-" "Mozilla/5.0 (iPhone; CPU iPhone OS 13_6 like Mac OS X) AppleWebKit/605.1.15 (KHTML, like Gecko) Version/13.1.2 Mobile/15E148 Safari/604.1" "blueribbonstationery.com"
114.119.134.196 - - [07/Nov/2022:12:34:18 -0800] "GET /robots.txt HTTP/1.1" 404 88 "-" "Mozilla/5.0 (compatible;PetalBot;+https://webmaster.petalsearch.com/site/petalbot)" "www.blueribbondesign.com"
40.86.101.252 - - [07/Nov/2022:12:34:48 -0800] "GET /images/CharmedMoss_petalpink.jpg HTTP/1.1" 404 88 "http://www.blueribbondesign.com/images" "Mozilla/5.0 (Windows NT 10.0; Win64; x64) AppleWebKit/537.36 (KHTML, like Gecko) Chrome/74.0.3729.157 Safari/537.36" "www.blueribbondesign.com"
119.28.104.245 - - [07/Nov/2022:12:36:58 -0800] "GET /images/GinghamGrosgrain_square_Scarlet.jpg HTTP/1.1" 404 88 "-" "Mozilla/5.0 (Macintosh; Intel Mac OS X 10_15_7) AppleWebKit/537.36 (KHTML, like Gecko) Chrome/103.0.0.0 Safari/537.36" "blueribbondesign.com"
129.227.30.252 - - [07/Nov/2022:12:48:10 -0800] "GET /images/ExquisiteDamask_black.jpg HTTP/1.1" 404 73 "-" "Mozilla/5.0 (X11; Ubuntu; Linux x86_64; rv:72.0) Gecko/20100101 Firefox/72.0" "blueribbondesign.com"
95.129.40.133 - - [07/Nov/2022:12:49:21 -0800] "GET /wp-content/plugins/sid/xleet.php HTTP/1.1" 404 73 "-" "Mozilla/5.0 (Windows NT 10.0; Win64; x64) AppleWebKit/537.36 (KHTML, like Gecko) Chrome/87.0.4280.88 Safari/537.36" "blueribbonstationery.com"
95.129.40.133 - - [07/Nov/2022:12:49:21 -0800] "GET /jindex.php HTTP/1.1" 404 73 "-" "Mozilla/5.0 (Windows NT 6.2; WOW64) AppleWebKit/537.36 (KHTML, like Gecko) Chrome/79.0.3945.130 Safari/537.36" "blueribbonstationery.com"
95.129.40.133 - - [07/Nov/2022:12:49:21 -0800] "GET /admin.php HTTP/1.1" 404 73 "-" "Mozilla/5.0 (Windows NT 6.1; Win64; x64; rv:47.0) Gecko/20100101 Firefox/62.0" "blueribbonstationery.com"
95.129.40.133 - - [07/Nov/2022:12:49:21 -0800] "GET /xltavrat.php HTTP/1.1" 404 73 "-" "Mozilla/5.0 (Windows NT 10.0; Win64; x64) AppleWebKit/537.36 (KHTML, like Gecko) Chrome/88.0.4324.190 Safari/537.36" "blueribbonstationery.com"
95.129.40.133 - - [07/Nov/2022:12:49:21 -0800] "GET /vendor/phpunit/phpunit/src/Util/PHP/xleet.php HTTP/1.1" 404 73 "-" "Mozilla/5.0 (Windows NT 10.0; Win64; x64) AppleWebKit/537.36 (KHTML, like Gecko) Chrome/93.0.4577.82 Safari/537.36" "blueribbonstationery.com"
95.129.40.133 - - [07/Nov/2022:12:49:21 -0800] "GET /wp-content/plugins/upds/xleet.php HTTP/1.1" 404 73 "-" "Mozilla/5.0 (Windows NT 10.0; Win64; x64) AppleWebKit/537.36 (KHTML, like Gecko) Chrome/87.0.4280.88 Safari/537.36" "blueribbonstationery.com"
95.129.40.133 - - [07/Nov/2022:12:49:21 -0800] "GET /wp-content/plugins/ubh/xleet.php HTTP/1.1" 404 73 "-" "Mozilla/5.0 (iPhone; CPU iPhone OS 14_4_1 like Mac OS X) AppleWebKit/605.1.15 (KHTML, like Gecko) Version/14.0.3 Mobile/15E148 Safari/604.1" "blueribbonstationery.com"
95.129.40.133 - - [07/Nov/2022:12:49:21 -0800] "GET /xleet-shell.php HTTP/1.1" 404 73 "-" "Mozilla/5.0 (Linux; Android 10; Mi 9T) AppleWebKit/537.36 (KHTML, like Gecko) Chrome/83.0.4103.106 Mobile Safari/537.36" "blueribbonstationery.com"
95.129.40.133 - - [07/Nov/2022:12:49:21 -0800] "GET /wp-content/plugins/freedom/sonarxleetxd.php HTTP/1.1" 404 73 "-" "Mozilla/5.0 (Windows NT 5.1) AppleWebKit/537.36 (KHTML, like Gecko) Chrome/69.0.3497.81 Safari/537.36 Maxthon/5.3.8.2000" "blueribbonstationery.com"
95.129.40.133 - - [07/Nov/2022:12:49:21 -0800] "GET /xleet.php HTTP/1.1" 404 73 "-" "Mozilla/5.0 (Windows NT 10.0; Win64; x64) AppleWebKit/537.36 (KHTML, like Gecko) Chrome/92.0.4515.159 Safari/537.36" "blueribbonstationery.com"
95.129.40.133 - - [07/Nov/2022:12:49:21 -0800] "GET /wp-content/plugins/rafda/xleet.php HTTP/1.1" 404 73 "-" "Mozilla/5.0 (Windows NT 10.0; Win64; x64) AppleWebKit/537.36 (KHTML, like Gecko) Chrome/85.0.4183.121 Safari/537.36" "blueribbonstationery.com"
95.129.40.133 - - [07/Nov/2022:12:49:21 -0800] "GET /xlet.php HTTP/1.1" 404 73 "-" "Mozilla/5.0 (iPhone; CPU iPhone OS 14_6 like Mac OS X) AppleWebKit/605.1.15 (KHTML, like Gecko) CriOS/91.0.4472.80 Mobile/15E148 Safari/604.1" "blueribbonstationery.com"
95.129.40.133 - - [07/Nov/2022:12:49:21 -0800] "GET /takeout.php HTTP/1.1" 404 73 "-" "Mozilla/5.0 (Windows NT 10.0; Win64; x64) AppleWebKit/537.36 (KHTML, like Gecko) Chrome/87.0.4280.88 Safari/537.36" "blueribbonstationery.com"
95.129.40.133 - - [07/Nov/2022:12:49:21 -0800] "GET /xleetshell.php HTTP/1.1" 404 73 "-" "Mozilla/5.0 (Macintosh; Intel Mac OS X 11.1; rv:84.0) Gecko/20100101 Firefox/84.0" "blueribbonstationery.com"
95.129.40.133 - - [07/Nov/2022:12:49:21 -0800] "GET /xleetmailer.php HTTP/1.1" 404 73 "-" "Mozilla/5.0 (iPhone; CPU iPhone OS 13_4_1 like Mac OS X) AppleWebKit/605.1.15 (KHTML, like Gecko) Version/13.1 Mobile/15E148 Safari/604.1" "blueribbonstationery.com"
95.129.40.133 - - [07/Nov/2022:12:49:21 -0800] "GET /shell.php HTTP/1.1" 404 73 "-" "Mozilla/5.0 (Linux; Android 9; FLA-LX1) AppleWebKit/537.36 (KHTML, like Gecko) Chrome/83.0.4103.106 Mobile Safari/537.36 OPR/59.1.2926.54067" "blueribbonstationery.com"
95.129.40.133 - - [07/Nov/2022:12:49:21 -0800] "GET /catalog/view/xleet.php HTTP/1.1" 404 73 "-" "Mozilla/5.0 (Windows NT 10.0; Win64; x64) AppleWebKit/537.36 (KHTML, like Gecko) Chrome/92.0.4515.107 Safari/537.36" "blueribbonstationery.com"
95.129.40.133 - - [07/Nov/2022:12:49:21 -0800] "GET /lufix.php HTTP/1.1" 404 73 "-" "Mozilla/5.0 (Windows NT 10.0; Win64; x64) AppleWebKit/537.36 (KHTML, like Gecko) Chrome/85.0.4183.102 Safari/537.36" "blueribbonstationery.com"
95.129.40.133 - - [07/Nov/2022:12:49:21 -0800] "GET /payout.php HTTP/1.1" 404 73 "-" "Mozilla/5.0 (Windows NT 10.0; Win64; x64) AppleWebKit/537.36 (KHTML, like Gecko) Chrome/90.0.4430.93 Safari/537.36" "blueribbonstationery.com"
95.129.40.133 - - [07/Nov/2022:12:49:21 -0800] "GET /locale.php HTTP/1.1" 404 73 "-" "Mozilla/5.0 (iPad; CPU OS 12_4_8 like Mac OS X) AppleWebKit/605.1.15 (KHTML, like Gecko) Version/12.1.2 Mobile/15E148 Safari/604.1" "blueribbonstationery.com"
95.129.40.133 - - [07/Nov/2022:12:49:21 -0800] "GET /xlshell.php HTTP/1.1" 404 73 "-" "Mozilla/5.0 (Windows NT 10.0; Win64; x64) AppleWebKit/537.36 (KHTML, like Gecko) Chrome/83.0.4103.61 Safari/537.36" "blueribbonstationery.com"
95.129.40.133 - - [07/Nov/2022:12:49:21 -0800] "GET /xl.php HTTP/1.1" 404 73 "-" "Mozilla/5.0 (Windows NT 10.0; Win64; x64; rv:84.0) Gecko/20100101 Firefox/84.0" "blueribbonstationery.com"
95.129.40.133 - - [07/Nov/2022:12:49:21 -0800] "GET /smx.php HTTP/1.1" 404 73 "-" "Mozilla/5.0 (Linux; Android 8.1.0; 16th) AppleWebKit/537.36 (KHTML, like Gecko) Chrome/83.0.4103.106 Mobile Safari/537.36" "blueribbonstationery.com"
95.129.40.133 - - [07/Nov/2022:12:49:21 -0800] "GET /lufi.php HTTP/1.1" 404 73 "-" "Mozilla/5.0 (iPhone; CPU iPhone OS 14_7_1 like Mac OS X) AppleWebKit/605.1.15 (KHTML, like Gecko) Version/14.1.2 Mobile/15E148 Safari/604.1" "blueribbonstationery.com"
95.129.40.133 - - [07/Nov/2022:12:49:21 -0800] "GET /zerox.php HTTP/1.1" 404 73 "-" "Mozilla/5.0 (Windows NT 10.0; Win64; x64; rv:84.0) Gecko/20100101 Firefox/84.0" "blueribbonstationery.com"
95.129.40.133 - - [07/Nov/2022:12:49:21 -0800] "GET /orvx-shell.php HTTP/1.1" 404 73 "-" "Mozilla/5.0 (Windows NT 5.1) AppleWebKit/537.36 (KHTML, like Gecko) Chrome/69.0.3497.81 Safari/537.36 Maxthon/5.3.8.2000" "blueribbonstationery.com"
95.129.40.133 - - [07/Nov/2022:12:49:21 -0800] "GET /orvx.php HTTP/1.1" 404 73 "-" "Mozilla/5.0 (Windows NT 10.0; WOW64; rv:45.0) Gecko/20100101 Firefox/45.0" "blueribbonstationery.com"
40.86.101.254 - - [07/Nov/2022:12:51:04 -0800] "GET /images/wpd_provincialpoetry_invite_marigold.jpg HTTP/1.1" 404 88 "http://blueribbondesign.com/images" "Mozilla/5.0 (Windows NT 10.0; Win64; x64) AppleWebKit/537.36 (KHTML, like Gecko) Chrome/74.0.3729.157 Safari/537.36" "blueribbondesign.com"
40.122.32.170 - - [07/Nov/2022:12:52:52 -0800] "GET /images/UL_corner.gif HTTP/1.1" 404 88 "http://www.blueribbondesign.com/images" "Mozilla/5.0 (iPhone; CPU iPhone OS 13_5_1 like Mac OS X) AppleWebKit/605.1.15 (KHTML, like Gecko) Version/13.1.1 Mobile/15E148 Safari/604.1" "www.blueribbondesign.com"
40.77.51.84 - - [07/Nov/2022:12:55:22 -0800] "GET /images/DelightfullyDotted_5x7F_BrightRed.jpg HTTP/1.1" 404 88 "http://blueribbondesign.com/images" "Mozilla/5.0 (iPhone; CPU iPhone OS 13_5_1 like Mac OS X) AppleWebKit/605.1.15 (KHTML, like Gecko) Version/13.1.1 Mobile/15E148 Safari/604.1" "blueribbondesign.com"
40.122.227.200 - - [07/Nov/2022:13:01:35 -0800] "GET /images/05004Csamplet.jpg HTTP/1.1" 404 88 "http://blueribbondesign.com/images" "Mozilla/5.0 (Windows NT 10.0; Win64; x64) AppleWebKit/537.36 (KHTML, like Gecko) Chrome/74.0.3729.157 Safari/537.36" "blueribbondesign.com"
40.86.101.164 - - [07/Nov/2022:13:02:29 -0800] "GET /images/blossomingcorners_white.jpg HTTP/1.1" 404 88 "http://www.blueribbondesign.com/images" "Mozilla/5.0 (iPhone; CPU iPhone OS 13_5_1 like Mac OS X) AppleWebKit/605.1.15 (KHTML, like Gecko) Version/13.1.1 Mobile/15E148 Safari/604.1" "www.blueribbondesign.com"
51.222.253.2 - - [07/Nov/2022:13:03:26 -0800] "GET / HTTP/1.1" 200 270 "-" "Mozilla/5.0 (compatible; AhrefsBot/7.0; +http://ahrefs.com/robot/)" "blueribbondesign.com"
43.134.85.209 - - [07/Nov/2022:13:04:01 -0800] "GET /images/GinghamGrosgrain_square_Scarlet.jpg HTTP/1.1" 404 88 "-" "Mozilla/5.0 (Macintosh; Intel Mac OS X 10_15_7) AppleWebKit/537.36 (KHTML, like Gecko) Chrome/103.0.0.0 Safari/537.36" "blueribbondesign.com"
34.148.121.105 - - [07/Nov/2022:13:05:58 -0800] "GET /?C=N;O=D HTTP/1.1" 200 268 "-" "ZoominfoBot (zoominfobot at zoominfo dot com)" "www.blueribbondesign.com"
40.122.227.201 - - [07/Nov/2022:13:18:03 -0800] "GET /images/GDA_April2006.gif HTTP/1.1" 404 88 "http://blueribbondesign.com/images" "Mozilla/5.0 (Windows NT 10.0; Win64; x64) AppleWebKit/537.36 (KHTML, like Gecko) Chrome/74.0.3729.157 Safari/537.36" "blueribbondesign.com"
40.122.32.170 - - [07/Nov/2022:13:18:15 -0800] "GET /images/sweetswallows_bamboo.jpg HTTP/1.1" 404 88 "http://www.blueribbondesign.com/images" "Mozilla/5.0 (Macintosh; Intel Mac OS X 10_11_6) AppleWebKit/605.1.15 (KHTML, like Gecko) Version/11.1.2 Safari/605.1.15" "www.blueribbondesign.com"
119.28.104.245 - - [07/Nov/2022:13:22:14 -0800] "GET /images/GinghamGrosgrain_square_Scarlet.jpg HTTP/1.1" 404 88 "-" "Mozilla/5.0 (Macintosh; Intel Mac OS X 10_15_7) AppleWebKit/537.36 (KHTML, like Gecko) Chrome/103.0.0.0 Safari/537.36" "blueribbondesign.com"
20.106.28.16 - - [07/Nov/2022:13:25:37 -0800] "GET /images/washington.gif HTTP/1.1" 404 88 "http://blueribbondesign.com/images" "Mozilla/5.0 (X11; Linux x86_64) AppleWebKit/537.36 (KHTML, like Gecko) Chrome/74.0.3729.169 Safari/537.36" "blueribbondesign.com"
20.109.241.96 - - [07/Nov/2022:13:29:39 -0800] "GET /images/wpd_provincialpoetry_ty_meadow.jpg HTTP/1.1" 404 88 "http://blueribbondesign.com/images" "Mozilla/5.0 (Windows NT 10.0; Win64; x64) AppleWebKit/537.36 (KHTML, like Gecko) Chrome/74.0.3729.157 Safari/537.36" "blueribbondesign.com"
20.106.27.209 - - [07/Nov/2022:13:32:49 -0800] "GET /images/wpd_provincialpoetry_std_meadow.jpg HTTP/1.1" 404 88 "http://www.blueribbondesign.com/images" "Mozilla/5.0 (iPhone; CPU iPhone OS 13_5_1 like Mac OS X) AppleWebKit/605.1.15 (KHTML, like Gecko) Version/13.1.1 Mobile/15E148 Safari/604.1" "www.blueribbondesign.com"
84.174.29.53 - - [07/Nov/2022:13:35:14 -0800] "GET /letterpresswedding/index.html HTTP/1.1" 404 88 "-" "Mozilla/5.0 (Macintosh; Intel Mac OS X 10_12_6) AppleWebKit/605.1.15 (KHTML, like Gecko)" "www.blueribbondesign.com"
84.174.29.53 - - [07/Nov/2022:13:35:15 -0800] "GET /apple-touch-icon-precomposed.png HTTP/1.1" 404 88 "-" "Safari/12607.3.10 CFNetwork/811.11 Darwin/16.7.0 (x86_64)" "www.blueribbondesign.com"
84.174.29.53 - - [07/Nov/2022:13:35:15 -0800] "GET /apple-touch-icon.png HTTP/1.1" 404 88 "-" "Safari/12607.3.10 CFNetwork/811.11 Darwin/16.7.0 (x86_64)" "www.blueribbondesign.com"
84.174.29.53 - - [07/Nov/2022:13:35:15 -0800] "GET /favicon.ico HTTP/1.1" 404 88 "-" "Safari/12607.3.10 CFNetwork/811.11 Darwin/16.7.0 (x86_64)" "www.blueribbondesign.com"
84.174.29.53 - - [07/Nov/2022:13:35:15 -0800] "GET /apple-touch-icon-precomposed.png HTTP/1.1" 404 88 "-" "Safari/12607.3.10 CFNetwork/811.11 Darwin/16.7.0 (x86_64)" "www.blueribbondesign.com"
84.174.29.53 - - [07/Nov/2022:13:35:16 -0800] "GET /apple-touch-icon.png HTTP/1.1" 404 88 "-" "Safari/12607.3.10 CFNetwork/811.11 Darwin/16.7.0 (x86_64)" "www.blueribbondesign.com"
84.174.29.53 - - [07/Nov/2022:13:35:16 -0800] "GET /favicon.ico HTTP/1.1" 404 88 "-" "Safari/12607.3.10 CFNetwork/811.11 Darwin/16.7.0 (x86_64)" "www.blueribbondesign.com"
84.174.29.53 - - [07/Nov/2022:13:35:16 -0800] "GET /letterpresswedding/index.html HTTP/1.1" 404 88 "-" "Mozilla/5.0 (iPhone; CPU iPhone OS 12_1_3 like Mac OS X) AppleWebKit/605.1.15 (KHTML, like Gecko) Version/12.0 Mobile/15E148 Safari/604.1" "www.blueribbondesign.com"
84.174.29.53 - - [07/Nov/2022:13:35:16 -0800] "GET /apple-touch-icon-precomposed.png HTTP/1.1" 404 88 "-" "Safari/12607.3.10 CFNetwork/811.11 Darwin/16.7.0 (x86_64)" "www.blueribbondesign.com"
84.174.29.53 - - [07/Nov/2022:13:35:16 -0800] "GET /apple-touch-icon.png HTTP/1.1" 404 88 "-" "Safari/12607.3.10 CFNetwork/811.11 Darwin/16.7.0 (x86_64)" "www.blueribbondesign.com"
84.174.29.53 - - [07/Nov/2022:13:35:17 -0800] "GET /favicon.ico HTTP/1.1" 404 88 "-" "Safari/12607.3.10 CFNetwork/811.11 Darwin/16.7.0 (x86_64)" "www.blueribbondesign.com"
84.174.29.53 - - [07/Nov/2022:13:35:17 -0800] "GET /apple-touch-icon-precomposed.png HTTP/1.1" 404 88 "-" "Safari/12607.3.10 CFNetwork/811.11 Darwin/16.7.0 (x86_64)" "www.blueribbondesign.com"
84.174.29.53 - - [07/Nov/2022:13:35:17 -0800] "GET /apple-touch-icon.png HTTP/1.1" 404 88 "-" "Safari/12607.3.10 CFNetwork/811.11 Darwin/16.7.0 (x86_64)" "www.blueribbondesign.com"
84.174.29.53 - - [07/Nov/2022:13:35:17 -0800] "GET /favicon.ico HTTP/1.1" 404 88 "-" "Safari/12607.3.10 CFNetwork/811.11 Darwin/16.7.0 (x86_64)" "www.blueribbondesign.com"
54.236.1.13 - - [07/Nov/2022:13:36:21 -0800] "GET /robots.txt HTTP/1.1" 404 88 "-" "Mozilla/5.0 (compatible; Pinterestbot/1.0; +http://www.pinterest.com/bot.html)" "blueribbondesign.com"
54.236.1.13 - - [07/Nov/2022:13:36:21 -0800] "GET / HTTP/1.1" 200 270 "-" "Mozilla/5.0 (compatible; Pinterestbot/1.0; +http://www.pinterest.com/bot.html)" "blueribbondesign.com"
20.109.241.80 - - [07/Nov/2022:13:37:38 -0800] "GET /images/currency_outline_web.gif HTTP/1.1" 404 88 "http://blueribbondesign.com/images" "Mozilla/5.0 (iPhone; CPU iPhone OS 13_5_1 like Mac OS X) AppleWebKit/605.1.15 (KHTML, like Gecko) Version/13.1.1 Mobile/15E148 Safari/604.1" "blueribbondesign.com"
3.235.76.241 - - [07/Nov/2022:13:50:43 -0800] "GET / HTTP/1.1" 200 270 "-" "Mozilla/5.0 (iPhone; CPU iPhone OS 11_4 like Mac OS X) AppleWebKit/605.1.15 (KHTML, like Gecko) Version/11.0 Mobile/15E148 Safari/604.1" "blueribbonstationery.com"
